 -k**2 - k + 1. Let z(x) = 5*p(x) + v(x). Determine z(4).
1
Let b(h) be the first derivative of h**3/3 + 3*h**2 - 2*h + 1. Let d be b(-5). Let y(s) = s**2 + 7*s - 8. Calculate y(d).
-8
Suppose -l + 4 + 8 = -2*d, 0 = -2*d. Let f be l/8*2*1. Let y(v) = -f - 4 - v + 3. Calculate y(0).
-4
Let f(u) = -3*u. Let a be (0 + 3)*(-1)/(-3). Let p be f(a). Let k(w) = 3*w - w + 3 + 5*w**2 + w + w**3 - 6. Give k(p).
6
Let r(n) = -2*n - 3. Let o be (12/(-15))/((-3)/(-15)). What is r(o)?
5
Let c(b) be the first derivative of b**4/4 + 4*b**3/3 + b**2 + 2*b - 13. Determine c(-4).
-6
Suppose 2*c + 12 = 20. Let t(v) = 5*v**2 - 3*v - 2. Let s(a) = -11*a**2 + 6*a + 4. Let j(d) = -4*s(d) - 9*t(d). Give j(c).
-2
Let b(k) = -k**3 - 3*k**2 + 6. Let q(o) = -o**3 - 3*o**2 - o + 7. Let s(g) = 4*b(g) - 3*q(g). Determine s(-2).
-7
Suppose -f = f. Suppose 0*x - 10 = -2*x, -4*x = 2*j - 40. Let d(b) = b - b**3 + 3 + 2*b**3 - j. Calculate d(f).
-7
Let p(n) be the third derivative of n**4/12 - n**3 + 4*n**2. Determine p(4).
2
Let r(m) = m + 3. Let w be (-26)/(-117) + (-34)/(-9). Determine r(w).
7
Let v(u) be the second derivative of -u**3/6 + 5*u**2/2 - u. Suppose 5*k = 7*k. Calculate v(k).
5
Let c(l) = -1. Let d(t) = t - 1. Let b(w) = 2*c(w) + d(w). Suppose -g + 28 = 4*s, -s - 1 = -3*g + 5. Determine b(s).
3
Let u(i) = i**2 + 10*i + 5. Suppose -2 = 5*z - 2*j - 12, 0 = -4*z + 3*j + 8. Suppose -y - z*y = 27. Let o be u(y). Let f(w) = -w**2 - 5*w - 4. What is f(o)?
0
Let k(n) = 6*n + 11. Let f(u) = -7*u - 10. Let s(m) = 6*f(m) + 5*k(m). Let o(l) = -11*l - 4. Let c(w) = -5*o(w) + 4*s(w). Let q = 0 - 1. Determine c(q).
-7
Let z(m) = -m + 1. Let h = -1 - 5. Let d be h/(-15) + (-40)/(-25). Determine z(d).
-1
Let o(u) = -2*u**2 - 4*u - 1. Suppose -25 = 6*p - 7. Determine o(p).
-7
Let g(i) = -8*i - 22. Let c(z) = -z - 3. Let f(b) = 44*c(b) - 6*g(b). Calculate f(-5).
-20
Let n(v) = -v - 3. Let d = -9 + 9. Suppose 25 = c + 5*m, d = -5*c + 3*m - 15. What is n(c)?
-3
Let u(z) = 4*z + 2 + 1 - 6 + z. Let y be -2*1/(-2)*2. What is u(y)?
7
Let r(u) = -u**2 + 6. Let t be (2/1)/2 - 1. What is r(t)?
6
Let w(v) = v**2 - 4*v + 2. Let l(j) = 4*j**2 - 12*j + 6. Let o(q) = 2*l(q) - 7*w(q). Calculate o(-6).
10
Let p(c) = c + 1. Let n = -96 - -99. Calculate p(n).
4
Suppose -2*j = 3*j - 10, -18 = -2*x - 5*j. Let f(d) = -d + 1. What is f(x)?
-3
Let m(l) be the third derivative of -3*l**2 - 1/24*l**4 + 0*l + 3/2*l**3 + 0. What is m(0)?
9
Let q(n) be the first derivative of -n**2 - 5*n - 4. Let h(x) = -x**2 - 2*x + 4. Let c = -11 + 7. Let r be h(c). Calculate q(r).
3
Suppose 0 = x - 0*x - 2. Let w(g) = g**2 + 0*g + x*g - 2*g**2 + 4*g**2. Determine w(-2).
8
Let v be (-64)/12 + ((-6)/(-2))/9. Let z(k) = k**2 + 3*k - 1. Give z(v).
9
Suppose 60*y = 55*y - 20. Let j(p) = 2*p**2 - 2*p**2 + 5*p + p**2. Determine j(y).
-4
Let n = -15 + 15. Let f(b) be the first derivative of -b**7/840 - b**5/120 - b**4/12 + b**3/3 - 2. Let t(y) be the third derivative of f(y). Determine t(n).
-2
Suppose h + f = -5, 0 = -h + 5*f + 21 + 4. Let o(l) be the third derivative of h*l - 1/8*l**4 - l**2 + 0*l**3 + 0. Calculate o(3).
-9
Let y(p) = -p + 12. Let n be 3*(-2)/(2 - 3). Let g be (0 + -7)*n/(-7). What is y(g)?
6
Suppose 5*m - 11 = -2*h, 0*m = m + 2*h + 1. Suppose -u + 6*u - 26 = -4*g, 5*u + 2 = m*g. Let s be u/1*(-3)/6. Let o(x) = 8*x**3 + x**2 + 2*x + 1. What is o(s)?
-8
Let k(n) = -3*n - 4. Let x = 46 + -25. Suppose -z = l - 5, 3*l + 13 = 5*z + 36. Let m be l/x - (-60)/(-14). Calculate k(m).
8
Suppose 0 = -3*z + 4*z + 5*g + 14, 0 = -2*z + 4*g + 14. Let w = 5 - z. Suppose 4*k = 2*t - 14, k + 3*t + w = 2*k. Let j(h) = -h**2 - 7*h - 5. Determine j(k).
5
Let j(u) be the third derivative of -u**6/120 + u**5/12 + 7*u**4/24 - u**3/6 + 14*u**2. What is j(6)?
5
Let z(w) = 2*w**2 + 3*w + 3. Let i = 18 + -10. Let d(x) = -x + 14. Let k be d(11). Suppose k*s + i = -s. Calculate z(s).
5
Let b(l) be the first derivative of 0*l**2 - 5 - l + 0*l**3 - 3/2*l**4. Suppose -3*h - 2*h = -5. What is b(h)?
-7
Let f = 3 - 4. Let d(c) = -27*c**3 - c**2 - c - 1. Let r be d(f). Suppose 5*h + 4*s - 3*s - r = 0, -20 = -5*h + 5*s. Let i(u) = -u + 4. Give i(h).
-1
Let z be (0 - 1/4)*0. Let u(k) = -k**3 - k**2 - k - 3. Determine u(z).
-3
Suppose 7*m = 12*m. Let c(a) = a**3 - a**2 - a + 5. Calculate c(m).
5
Let t(b) = -b**2 + 8*b + 7. Let f be t(8). Let u = f + -5. Suppose -4*c - r - 5 = -c, -5*c - 23 = -u*r. Let w(k) = -k**2 + 3. Calculate w(c).
-6
Let o(j) be the first derivative of -j**2/2 + j - 37. Give o(6).
-5
Suppose -2*l + 4 = -0. Suppose 0 = -a - l*a + 6. Let h(f) = 0*f**2 + f - 2*f**a + 0*f**2 - 1 + f**2. Determine h(3).
-7
Suppose 2 = -r + 5, -10 = -2*z - 2*r. Suppose -3*k + 4*k = 5*x - 15, -4*x + k = -13. Let c(l) = -2*l**x - 2 + 0 + 5 - 6*l + 3*l**2. Calculate c(z).
-5
Let v(i) be the third derivative of i**6/120 - i**5/10 + i**4/8 + 2*i**3/3 + i**2. Suppose z + 3*q = -q + 25, 15 = 4*z - q. Give v(z).
-6
Let h(c) be the second derivative of c**4/12 + 5*c**3/6 + c**2 - 22*c. Calculate h(-4).
-2
Let r(h) = -h + 10. Suppose 2*w + 17 = n - w, -4*n = -4*w - 28. Let m(f) = -3*f + 21. Let k(a) = n*m(a) - 5*r(a). Determine k(-4).
-4
Let m = 29 + -30. Let f(d) = -13*d + 1. What is f(m)?
14
Let d(h) = 2*h**2 - 2*h + 1. Suppose -1 = -2*i + f, -3 = -i + 4*i - 3*f. Let m be d(i). Let a(l) = 2*l - 3. Determine a(m).
7
Let a(d) = d**3 - 3*d + 6*d**2 + 2*d + 6*d + 7. Suppose -5*n - 10 = 15. Calculate a(n).
7
Let m(i) = i + 4. Let r be m(0). Let z(d) be the first derivative of d**3/3 - 3*d**2/2 - 2*d - 2. Let o be z(r). Let j(g) = g**3 - 2*g - 1. Give j(o).
3
Suppose m = 2*m + 4*f + 11, 0 = -5*m + 5*f - 5. Let r(t) = 1. Let z(n) = n + 3. Let q(b) = -2*r(b) + z(b). What is q(m)?
-2
Let r(b) = -b. Let f(n) = n - 1. Let l(m) = -4*f(m) - 3*r(m). Let z be l(5). Let t(c) = -c**3 - 2*c**2 + 1. Calculate t(z).
0
Let w(x) = x**2 - 1. Let s(i) = -5*i**2. Let z = -2 + 8. Let y(m) = z*w(m) + s(m). What is y(0)?
-6
Let k(f) be the third derivative of -f**5/20 + f**4/8 - f**3/2 - 23*f**2. What is k(2)?
-9
Let d(k) = -k + 9. Suppose -w - 7 = 3*n - 2*w, -w = 3*n + 11. Let f(s) = -s**3 - 3*s**2 - 3*s - 4. Let v be f(n). What is d(v)?
4
Suppose -d - d - 6 = 0. Let j(w) = -12*w**2 - 8*w - 8. Let l(i) = 4*i**2 + 3*i + 3. Let s(p) = d*j(p) - 8*l(p). Calculate s(-1).
4
Suppose -4 = u - 0*u. Suppose s - 1 = 1. Let t(r) = 4 - r**3 - r + 4*r**s - 3*r**2 - 5*r**2. Calculate t(u).
8
Let y(q) = 2*q**3 - q**2 - 2*q - 1. Suppose -2*r = -1 + 3. Determine y(r).
-2
Let w(q) be the first derivative of q**5/60 - q**4/24 + q**3 + 3*q**2/2 + 2. Let l(y) be the second derivative of w(y). Determine l(0).
6
Let t(d) = -d**3 + 4*d**2 - d + 2. Suppose 0 = 2*n - p - 7, -2*n - 16 = -7*n + p. What is t(n)?
8
Suppose 4*q - 10 = 2. Let a(k) = -k + 7. What is a(q)?
4
Let z(l) = l - 1. Let d be z(7). Let g be (1/(-2))/(3/d). Let m(q) = 7*q**2 + q. Determine m(g).
6
Let n(j) = 5*j**3 + 3*j**2 - j + 1. Let u(k) = -11*k**3 - 6*k**2 + k - 2. Let l(h) = -9*n(h) - 4*u(h). Calculate l(-4).
-5
Let a(f) = -3*f**2 + 3 + 6*f - 2 + 2*f**2. Suppose 0*b + 6 = k + 4*b, -76 = -5*k + 3*b. Let p = k + -9. What is a(p)?
6
Let p(i) = -i**2 - 5*i - 3. Let u(f) = -2*f**2 - 10*f - 6. Let b(j) = -5*p(j) + 2*u(j). Determine b(-4).
-1
Let d(x) be the third derivative of -x**4/4 + x**2. Let y(p) = p**3 + p**2 - 2*p - 1. Let k be y(0). Determine d(k).
6
Let n(q) = -q - 17. Let l(m) = -3. Let x(s) = -11*l(s) + 2*n(s). Calculate x(7).
-15
Let x(r) = -r**3 - 6*r**2 + 6*r - 10. Let u be x(-8). Let w be ((-4)/10)/(7/u). Let y(q) = -q**3 - 3*q**2 + 3*q + 3. Determine y(w).
7
Let a(i) = 5*i - 5. Let z(x) = x**2. Let d be z(2). Determine a(d).
15
Let v(k) be the first derivative of 1 - 4*k**3 + 4*k**3 + k + k**3. Calculate v(1).
4
Let w(f) = 4*f - 3. Let p(g) = -7*g + 7. Let x(r) = -6*r + 6. Let m(h) = -3*p(h) + 4*x(h). Suppose 4*v + 6 = -14. Let i(n) = v*m(n) - 4*w(n). Give i(3).
-6
Let p be 56/(-10) - 4/10. Let t(d) be the third derivative of 1/60*d**5 + 0*d + 1/4*d**4 + 5/6*d**3 - d**2 + 0. Give t(p).
5
Let k(d) = -d**2 + 7*d - 3. Let g be k(6). Let c(q) = 3*q + 0*q**2 + q - q**2 - 3. Determine c(g).
0
Let j(q) = q**2 - 5*q - 10. Let m be j(7). Suppose -t - m = t. Let x(z) = 4*z + 2. Determine x(t).
-6
Let d(t) be the first derivative of -t**4/4